 n = -2*p. What is the units digit of p?
1
Let z(b) = -b**2 - 15*b - 15. Let o(g) = 6*g**3 + g**2 - 4*g - 6. Let w be o(-5). Let x be w/63 - 4/(-14). What is the tens digit of z(x)?
2
Suppose -h + 14 = 9. Suppose 0 = -2*j - 3*g + g - 28, -2*j - h*g - 34 = 0. Let k = 30 + j. What is the tens digit of k?
1
Let w = 807 + -738. Let y(o) = o**3 + 3. Let v be y(0). Suppose -v*u - 3*r + w = -69, 0 = -4*u - r + 187. What is the units digit of u?
7
Suppose 2*m - 4*v = 532, -v + 1037 = 6*m - 2*m. What is the tens digit of m?
6
What is the hundreds digit of 334650/414 - (0 - 2/3)?
8
Let a(s) = -145*s + 18. What is the units digit of a(-8)?
8
Suppose 16 = 6*q - 2*q. Let h be 3/q*(-16)/(-6). Let b(s) = 2*s**3 + s**2 - 2*s. What is the tens digit of b(h)?
1
Let n(i) = -i**2 - 5*i + 8. Let t be n(-7). Let s be (-2)/4 - 21/t. What is the tens digit of 4*s + (-5)/(-5)?
1
Suppose -2*o + 2 = 14. Let l(k) = k**2 + 5. What is the units digit of l(o)?
1
Let r(c) = -3 - 3*c + 9 + c**2 + 5*c - 4 - 4*c**3. What is the units digit of r(-1)?
5
Let s(t) = -9*t + 67. What is the units digit of s(4)?
1
Suppose -9648 = -5*j + 3*a, -2*j = 2*j + a - 7715. What is the units digit of j?
9
Let g(v) be the first derivative of v**4/4 + 4*v**3/3 - v**2 - 13*v + 13. What is the tens digit of g(4)?
0
Suppose 0 = -28*k + 53748 + 45148. What is the hundreds digit of k?
5
Suppose -148 = -g + 4*q, 0 = -0*g - 2*g + q + 317. Suppose -40 = 4*m + g. What is the units digit of 3/(-12) - m/8?
6
Let n be (-38)/(-14) + 2/7. Suppose n*x = -2*h + 116, 3*x = h - 0*x - 49. What is the units digit of h?
5
Suppose r + 3*i - i = 2664, -r + 2*i + 2684 = 0. What is the thousands digit of r?
2
Let c(v) = -v**2 + 6*v - 3. Let q be c(2). Suppose d = 3, -5*n = -q*d - 202 + 517. Let i = n + 84. What is the units digit of i?
4
Let a be 21045/(-35) - (-2)/7. Let x be 5/25 - a/(-5). What is the tens digit of (-1)/(x/116 - -1)?
2
Let a = 78 + -75. Suppose -t = 4 - 24. Suppose t = a*i - 226. What is the units digit of i?
2
Let k = 144 - -117. Suppose -8*g + 3*g + k = -h, 4*g = -2*h + 220. What is the tens digit of g?
5
What is the tens digit of (-2)/28 + 653825/350?
6
Suppose -5*y = -4*l - 20, 0*y + 8 = -2*l + 2*y. Suppose l = 7*a - 1095 + 304. What is the units digit of a?
3
Let u(a) = a - 1. Let p be u(5). Suppose 4*q + p = -0. What is the units digit of q + 1 + (-14)/(-7)?
2
Let k(w) = -3*w**2 + 3*w + 3. Let s be k(3). What is the hundreds digit of (-67)/(s/(-10)*4/(-24))?
2
Let p = 1426 - -1457. What is the units digit of p?
3
Suppose 0 = -13*s + 784 + 17416. What is the tens digit of s?
0
Suppose 0 = 3*v - f - 33, -2*v + 22 = -2*f + 5*f. Suppose -417 - 419 = -v*y. What is the tens digit of y?
7
Let j = 1695 - 272. What is the hundreds digit of j?
4
Let g(o) be the second derivative of -o**4/12 - 3*o**3/2 + o**2/2 + 4*o. Let i be g(-10). Let f = i - -11. What is the units digit of f?
2
Suppose 5*a + 522 = 5*c + 132, 2*c + 5*a - 128 = 0. Suppose -r + 3*r - c = 0. What is the units digit of r?
7
What is the units digit of 4745 + 11 + 1 + 8/(-1)?
9
Let d(t) = -t**2 - 8*t - 9. Let o be d(-6). Suppose -4*j + o*b - 5*b = -562, -4*j + 5*b + 569 = 0. What is the tens digit of j?
4
Suppose 0*w + 24 = 4*w. Suppose -16 = -k + w. Suppose l - 2*z - 55 = -4*l, 2*l - k = -2*z. What is the tens digit of l?
1
Let h(s) be the second derivative of s**5/60 - s**4/24 + 2*s**3/3 - 7*s**2/2 - s. Let j(o) be the first derivative of h(o). What is the tens digit of j(-7)?
6
Let o = 1941 - 1175. What is the tens digit of o?
6
Let p be (1 - 1) + (-3)/(-1). Suppose -8 = p*a - 32. Let t(q) = -q + 11. What is the units digit of t(a)?
3
Let u(l) = 5 + l**3 - 8*l + 4*l**2 + 0 + 2*l**2. What is the tens digit of u(-7)?
1
Suppose -j = j - 300. Suppose -6*q - 4*q + j = 0. What is the units digit of q?
5
Suppose -14*k + 8769 + 7373 = 0. What is the units digit of k?
3
Let r be (24 + -25)/((-2)/(-188)). Let m = 175 + r. What is the tens digit of m?
8
Let j(v) = -2*v**2 + 5*v + 4. Suppose 6*m - 3*m + 9 = 3*y, y = -m + 7. Let b(n) = 2*n**2 - 4*n - 4. Let c(u) = y*j(u) + 6*b(u). What is the units digit of c(3)?
7
Let b(o) = o**2 + 18*o + 22. Let f be -34*((-3)/18)/((-1)/3). What is the units digit of b(f)?
5
Suppose -3*g = 5*v + 1432, 2*v + 3*v + 1436 = g. Let p = v + 410. What is the tens digit of p?
2
Let h(j) = -j**3 - 11*j**2 - 21*j + 3. What is the units digit of h(-12)?
9
Suppose -7*o - 4 = -18. Let l = 77 - o. What is the tens digit of l?
7
Let z be (-9)/(-9)*(7 + -2 + 1). What is the units digit of (-28)/(-6)*((-2565)/z)/(-15)?
3
Let f = 1918 - 1416. What is the tens digit of f?
0
Let m be 8/20*635 - (-9)/(-3). Let n = m + -128. What is the units digit of n?
3
Let d = 682 - 182. What is the units digit of d?
0
Let a(h) = h + 12. Let q be a(-10). Let k(t) = -t**3 + 11*t**2 + t - 11*t**q + 2. What is the units digit of k(0)?
2
Let f be 10/(-25)*(-5)/1. Suppose 6*b - 2*g - 20 = 2*b, -2*b = f*g - 4. Suppose -v - 3*v = -b. What is the units digit of v?
1
Suppose -d - 5*d + 1746 = 0. Suppose 5*b - d - 24 = 0. What is the tens digit of b?
6
Let j(z) = z**3 - 3*z**2 - 2*z + 1. Let r be j(3). Let f(c) = 6*c + 7. Let l be f(-3). Let w = r - l. What is the units digit of w?
6
Suppose -j - 50 + 8 = 0. Let b be 142/(6/4*48/36). Let q = j + b. What is the units digit of q?
9
Suppose -5*s + 30 + 120 = 0. What is the hundreds digit of (s/10)/((-6)/(-230))?
1
Let l(a) = a**3 - 8*a**2 + a + 3. Let t be ((-16)/(-4))/(-4)*-8. Let h be l(t). What is the units digit of 53/h + 6/33?
5
Suppose 2*d + r - 896 = 0, -5*d + 4*r + 952 + 1288 = 0. What is the hundreds digit of d?
4
Suppose -8 = 11*b - 12*b. Let n(x) = 13*x**3 + 2*x**2 - 1. Let m be n(1). Suppose 4*o - 83 = -z, -m - b = -o + z. What is the tens digit of o?
2
Suppose 0 = 4*j + 12, 2*n = 3*j + 140 + 51. What is the units digit of n?
1
Suppose -35833 = -42*h + 6755. What is the units digit of h?
4
Let a = -953 - -1084. What is the hundreds digit of a?
1
Let q(c) = -c**3 - 7*c**2 - 2*c - 5. Let s be q(-7). Let k be 5/(15/s) + 141. Suppose -4*y + 8*y - k = 0. What is the tens digit of y?
3
Let w = -17 + 22. Suppose -114 = w*n - 29. Let b = 38 + n. What is the tens digit of b?
2
Let m(h) = -24*h + 33. Let j be m(2). Suppose 80 = 3*p + 2*p. Let r = p + j. What is the units digit of r?
1
Let z be (-6 - 35)/1*(-1)/1. Suppose -7*t = z - 300. What is the units digit of t?
7
Let w(v) = v**2 + 5*v + 2. Let r be (-2)/(-6) - 16/3. What is the units digit of w(r)?
2
Let v = -2851 + 4122. What is the hundreds digit of v?
2
What is the tens digit of 128*(24/(-16) - (-2 - 0))?
6
Let i be -1*3 + 6/4*2. Suppose i = z + 8 - 44. What is the tens digit of z?
3
Let d(f) = 8*f - 7. Let m be d(-1). Let n be 373/7 - (-2)/(-7). Let g = n + m. What is the tens digit of g?
3
Let u be 3/9 + 62/(-6). What is the tens digit of (2142/(-85))/(4/u)?
6
Let u = 1650 + -1044. What is the hundreds digit of u?
6
Let n(o) = 2*o + 28. Let h be n(-13). Suppose 0 = 4*r - h*u - 10, 5*r - u - 17 = -3. Suppose -r*a = -2*a - 59. What is the tens digit of a?
5
Let x(s) = 3*s + 0*s - s**2 + 1 + 0*s - 2*s - 15*s**3. Let r be x(-1). Suppose 0 = 3*b + r - 89. What is the tens digit of b?
2
Let d(u) = u**2 - 7*u - 15. Let v = 10 + 2. What is the units digit of d(v)?
5
Let g be 0/(-27)*(-2)/(-4). Let q(d) = -3*d - 1. Let t be q(-1). Suppose -t*a - 3*a + 95 = g. What is the tens digit of a?
1
Let w be (-8)/6 + 2 + (-49)/(-21). What is the units digit of w*(-376)/(-12)*1?
4
Let x = -881 - -1721. What is the units digit of x?
0
Suppose -163 = 2*x - 6*x - o, -4*o = -4*x + 188. Suppose x = 3*t + 12. What is the units digit of t?
0
Suppose 0 = -4*r + 801 + 131. What is the tens digit of r?
3
Suppose -5*k + 6040 = -2185. What is the tens digit of k?
4
Suppose -5*o + 19 = -291. Let s(i) = 10*i**2 - 68*i - 9. Let k be s(8). Let n = k - o. What is the units digit of n?
5
Let h = 5315 - 2337. What is the units digit of h?
8
Let a = 1068 - 432. What is the hundreds digit of a?
6
Let i be 8 + 2 + -3 + -3. Let a = 85 - 27. Suppose -3*d + 3*c - c = -a, 5*d + i*c = 82. What is the units digit of d?
8
Let w(u) = 56*u + 69. What is the hundreds digit of w(7)?
4
Let n be (-9)/(-6)*(-240)/(-9). Suppose n = -m + 298. What is the units digit of m?
8
What is the units digit of 2/(